3
List the prime factors of 2884.
2, 7, 103
What are the prime factors of 51158?
2, 25579
List the prime factors of 17549.
7, 23, 109
List the prime factors of 27561.
3, 9187
List the prime factors of 17681.
17681
List the prime factors of 1472.
2, 23
What are the prime factors of 14089?
73, 193
What are the prime factors of 4572?
2, 3, 127
List the prime factors of 25040.
2, 5, 313
List the prime factors of 1252.
2, 313
What are the prime factors of 51531?
3, 89, 193
What are the prime factors of 1181?
1181
What are the prime factors of 168578?
2, 31, 2719
List the prime factors of 85638.
2, 3, 7, 2039
List the prime factors of 12353.
11, 1123
List the prime factors of 64495.
5, 12899
List the prime factors of 76105.
5, 31, 491
What are the prime factors of 114977?
23, 4999
List the prime factors of 58470.
2, 3, 5, 1949
What are the prime factors of 951?
3, 317
What are the prime factors of 7594?
2, 3797
What are the prime factors of 47738?
2, 23869
List the prime factors of 4879.
7, 17, 41
What are the prime factors of 3103?
29, 107
List the prime factors of 110940.
2, 3, 5, 43
What are the prime factors of 28146?
2, 3, 4691
What are the prime factors of 63?
3, 7
List the prime factors of 4707.
3, 523
List the prime factors of 3473.
23, 151
List the prime factors of 2230.
2, 5, 223
List the prime factors of 24105.
3, 5, 1607
What are the prime factors of 9868?
2, 2467
List the prime factors of 22209.
3, 11, 673
List the prime factors of 1890.
2, 3, 5, 7
List the prime factors of 1872.
2, 3, 13
List the prime factors of 2245.
5, 449
What are the prime factors of 7597?
71, 107
List the prime factors of 1540.
2, 5, 7, 11
List the prime factors of 19588.
2, 59, 83
List the prime factors of 5228.
2, 1307
List the prime factors of 36174.
2, 3, 6029
List the prime factors of 8926.
2, 4463
What are the prime factors of 237?
3, 79
List the prime factors of 65539.
65539
List the prime factors of 10040.
2, 5, 251
What are the prime factors of 2706?
2, 3, 11, 41
List the prime factors of 57739.
11, 29, 181
What are the prime factors of 21356?
2, 19, 281
List the prime factors of 3397.
43, 79
List the prime factors of 3721.
61
List the prime factors of 7370.
2, 5, 11, 67
What are the prime factors of 5683?
5683
List the prime factors of 1028.
2, 257
List the prime factors of 2987.
29, 103
List the prime factors of 1809.
3, 67
List the prime factors of 7292.
2, 1823
List the prime factors of 56723.
131, 433
What are the prime factors of 78240?
2, 3, 5, 163
What are the prime factors of 569?
569
What are the prime factors of 37080?
2, 3, 5, 103
What are the prime factors of 21?
3, 7
What are the prime factors of 497?
7, 71
List the prime factors of 2900.
2, 5, 29
List the prime factors of 123685.
5, 29, 853
What are the prime factors of 90237?
3, 7, 4297
List the prime factors of 155782.
2, 11, 73, 97
List the prime factors of 27802.
2, 13901
List the prime factors of 111165.
3, 5, 7411
What are the prime factors of 30951?
3, 19, 181
What are the prime factors of 3819?
3, 19, 67
What are the prime factors of 2314?
2, 13, 89
List the prime factors of 1943.
29, 67
What are the prime factors of 328?
2, 41
List the prime factors of 35901.
3, 3989
List the prime factors of 81355.
5, 53, 307
What are the prime factors of 1196?
2, 13, 23
List the prime factors of 574.
2, 7, 41
What are the prime factors of 894?
2, 3, 149
What are the prime factors of 366?
2, 3, 61
List the prime factors of 401.
401
What are the prime factors of 2854?
2, 1427
List the prime factors of 1444.
2, 19
What are the prime factors of 767?
13, 59
List the prime factors of 11597.
11597
List the prime factors of 13116.
2, 3, 1093
What are the prime factors of 5466?
2, 3, 911
List the prime factors of 22970.
2, 5, 2297
What are the prime factors of 4542?
2, 3, 757
List the prime factors of 5352.
2, 3, 223
List the prime factors of 475.
5, 19
What are the prime factors of 7016?
2, 877
What are the prime factors of 19479?
3, 43, 151
What are the prime factors of 3725?
5, 149
What are the prime factors of 6958?
2, 7, 71
List the prime factors of 4893.
3, 7, 233
List the prime factors of 58314.
2, 3, 9719
List the prime factors of 3187.
3187
What are the prime factors of 3263?
13, 251
List the prime factors of 30521.
23, 1327
What are the prime factors of 15351?
3, 7, 17, 43
List the prime factors of 578.
2, 17
What are the prime factors of 16111?
16111
List the prime factors of 3351.
3, 1117
List the prime factors of 22244.
2, 67, 83
List the prime factors of 515.
5, 103
List the prime factors of 2577.
3, 859
List the prime factors of 60710.
2, 5, 13, 467
List the prime factors of 463.
463
List the prime factors of 31922.
2, 11, 1451
List the prime factors of 11886.
2, 3, 7, 283
What are the prime factors of 698?
2, 349
What are the prime factors of 1033?
1033
List the prime factors of 140044.
2, 157, 223
List the prime factors of 6702.
2, 3, 1117
What are the prime factors of 2541?
3, 7, 11
What are the prime factors of 35570?
2, 5, 3557
What are the prime factors of 1439?
1439
List the prime factors of 2724.
2, 3, 227
What are the prime factors of 4583?
4583
What are the prime factors of 20100?
2, 3, 5, 67
List the prime factors of 42762.
2, 3, 7127
What are the prime factors of 25667?
25667
What are the prime factors of 1047?
3, 349
List the prime factors of 2.
2
What are the prime factors of 980?
2, 5, 7
List the prime factors of 1980.
2, 3, 5, 11
What are the prime factors of 11294?
2, 5647
List the prime factors of 2067.
3, 13, 53
List the prime factors of 73173.
3, 24391
List the prime factors of 149.
149
List the prime factors of 569.
569
List the prime factors of 3512.
2, 439
List the prime factors of 57409.
11, 17, 307
List the prime factors of 48032.
2, 19, 79
What are the prime factors of 8149?
29, 281
List the prime factors of 18566.
2, 9283
List the prime factors of 998.
2, 499
What are the prime factors of 23772?
2, 3, 7, 283
List the prime factors of 3185.
5, 7, 13
List the prime factors of 1741.
1741
List the prime factors of 1281.
3, 7, 61
What are the prime factors of 88782?
2, 3, 14797
List the prime factors of 27927.
3, 29, 107
What are the prime factors of 1129?
1129
What are the prime factors of 1982?
2, 991
What are the prime factors of 48023?
48023
What are the prime factors of 1177?
11, 107
List the prime factors of 7819.
7, 1117
What are the prime factors of 787?
787
List the prime factors of 96165.
3, 5, 2137
List the prime factors of 7909.
11, 719
What are the prime factors of 9231?
3, 17, 181
What are the prime factors of 415?
5, 83
What are the prime factors of 805?
5, 7, 23
List the prime factors of 76082.
2, 109, 349
List the prime factors of 1118.
2, 13, 43
What are the prime factors of 71?
71
List the prime factors of 7040.
2, 5, 11
What are the prime factors of 24669?
3, 2741
What are the prime factors of 46?
2, 23
List the prime factors of 6154.
2, 17, 181
What are the prime factors of 20203?
89, 227
What are the prime factors of 7992?
2, 3, 37
List the prime factors of 4830.
2, 3, 5, 7, 23
List the prime factors of 1863.
3, 23
List the prime factors of 2719.
2719
What are the prime factors of 24943?
24943
List the prime factors of 1696.
2, 53
List the prime factors of 1654.
2, 827
What are the prime factors of 34053?
3, 11351
What are the prime factors of 2020?
2, 5, 101
What are the prime factors of 18566?
2, 9283
List the prime factors of 5022.
2, 3, 31
List the prime factors of 9234.
2, 3, 19
What are the prime factors of 11889?
3, 1321
List the prime factors of 42035.
5, 7, 1201
What are the prime factors of 5837?
13, 449
What are the prime factors of 2336?
2, 73
What are the prime factors of 16660?
2, 5, 7, 17
What are the prime factors of 965?
5, 193
What are the prime factors of 352?
2, 11
What are the prime factors of 153?
3, 17
List the prime factors of 1779.
3, 593
List the prime factors of 4959.
3, 19, 29
List the prime factors of 25.
5
List the prime factors of 5003.
5003
What are the prime factors of 515?
5, 103
List the prime factors of 28777.
7, 4111
What are the prime factors of 690?
2, 3, 5, 23
List the prime factors of 20596.
2, 19, 271
List the prime factors of 2292.
2, 3, 191
What are the prime factors of 4784?
2, 13, 23
What are the